24
Let i(b) = 5*b**2 - b - 5. Suppose -x + 3*a + 9 = -0*x, -4*a = 20. Let v(t) = 9*t**2 - t - 9. Let f(h) = x*v(h) + 11*i(h). Calculate f(4).
-5
Let y(o) be the second derivative of o**5/20 - 7*o**4/12 + 2*o**3 - o**2 + 203*o. What is y(5)?
8
Let v(x) = -25 - x + 3*x + 23. Determine v(-7).
-16
Let v(t) = -4*t - 3. Let r(y) = -7*y - 5. Let b(f) = 3*r(f) - 5*v(f). Let z(n) = 2*n + 1. Let h(k) = b(k) - z(k). Suppose 0 = 4*l - 0*l + 8. Give h(l).
5
Let k(w) = -w**2 - 7*w - 7. Let j be k(-5). Let v(y) = y**3 - 3*y**2 - 48 + 48 + y. Calculate v(j).
3
Let p(o) be the second derivative of o**4/6 - o**3/3 + 8*o + 7. Calculate p(-2).
12
Let k(h) = h + 13. Let z be k(-7). Suppose 4*y + 2*y = 18. Let n(x) = z + y*x + 2 + x**2 - 11*x. Give n(7).
1
Let p(l) = 3*l**2 + 8*l**2 - 13*l**2 + 12*l + l**2 - 2. Determine p(13).
-15
Let c(x) = x**3 + 5*x**2 + 4*x - 4. Let s(l) = l**2 + l. Let u(j) = c(j) + 2*s(j). What is u(-6)?
-4
Let x(b) be the first derivative of 11*b**2/2 + 2*b - 573. Give x(-4).
-42
Suppose -68*a + 35*a = 165. Let h(l) = -2*l + 15. Let u(t) = 3*t - 29. Let d(g) = -5*h(g) - 3*u(g). What is d(a)?
7
Let i(y) = -y**3 + y - 2. Let f(d) = -3*d + 10. Let x(b) be the third derivative of b**4/24 - b**3/3 + 6*b**2. Let r be x(6). Let s be f(r). Calculate i(s).
4
Let u(v) be the first derivative of v**2/2 + 4*v + 236. Determine u(2).
6
Suppose -61 = -4*r + n, -6*r + 9*r + 4*n - 22 = 0. Let a(j) = -2*j + 22. Let z be a(r). Let u(f) = 0 - f**3 + 0 - 2 - 6*f**2 - 2*f. Calculate u(z).
10
Let f(n) be the second derivative of -n**8/6720 - n**5/120 - n**4/12 - 11*n. Let s(w) be the third derivative of f(w). Suppose -5*a + 3 + 2 = 0. Give s(a).
-2
Let d(y) = -416 + 0*y**2 + 411 + 4*y + 2*y**2. Determine d(4).
43
Let z(t) be the second derivative of t**4/12 + t**3/2 - 3*t**2/2 + 31*t. Give z(2).
7
Let g(b) be the first derivative of b**4/4 - 7*b**3/3 + 4*b**2 + 11*b + 49. Determine g(5).
1
Let l(f) be the third derivative of 0 + 2*f**2 - 1/24*f**4 + 1/6*f**3 + 0*f + 1/60*f**5. Determine l(1).
1
Let x(b) = -5 + 7*b**2 - 4*b + 4*b + 0*b - b. Let v(w) = w**2. Let o(y) = 6*v(y) - x(y). Give o(5).
-15
Let b(u) = u**3 + 17*u**2 + 50*u - 5. Let a be b(-4). Let o(s) be the third derivative of s**6/120 - s**5/20 + 2*s**3/3 + 2*s**2. Determine o(a).
4
Let t(a) be the first derivative of -a**3/3 + 3*a**2/2 - a + 33. Let m = -3 - -6. Determine t(m).
-1
Let c(m) = m**3 - 5*m + 2. Let u be c(3). Suppose -p = 3*k - 21, -u + 5 = k - 5*p. Let a = k - 10. Let o(b) = b - 2. Give o(a).
-6
Let d(v) = v**3 - 4*v**2 - 8*v + 16. Let t be d(5). Suppose 0 = 5*h - q + 31, -5*q - t + 6 = 0. Let l(c) = -2*c + 7 + 3*c + c**2 + 4*c. Calculate l(h).
13
Let k(q) be the first derivative of -2*q + 30 + 1/2*q**2. Determine k(8).
6
Let u(g) = -5*g - 10. Let m(q) = -q. Let f(b) = -6*m(b) + u(b). Suppose 0*p - 57 = -5*p - 2*o, p = -4*o + 15. Let n = p + -5. What is f(n)?
-4
Let m = 7 - 1. Suppose -2*p - 3*p + 15 = 0. Let h(w) = w**2 + 4*w + p + 3 + 1 - 2*w**2. Determine h(m).
-5
Let q(b) = -b + 2. Let z(g) = 2*g - 14. Let n(d) = 3*q(d) + z(d). Determine n(-5).
-3
Let l(d) = 3*d + 3*d**2 + 1 - 4 - 2*d**2. Suppose 5*w = 35 - 70. Let k = w + 9. What is l(k)?
7
Suppose -17*x = -3*x - 154. Let u(y) = 2*y - 21. Determine u(x).
1
Let d(u) = u**2 - 3*u - 11. Let h be d(6). Let m(y) = 2*y**2 + 8*y - 3. Let r(t) = -3*t**2 - 16*t + 7. Let z(b) = -5*m(b) - 3*r(b). What is z(h)?
1
Let w(l) = -11 + l + 3*l - 2*l. Let v = -2802 + 2811. Calculate w(v).
7
Let j(t) be the second derivative of -2*t**3/3 + 4*t**2 - 109*t. Give j(7).
-20
Let h(o) = o**2 - 2*o - 3. Suppose 7*g + 8 = -6. Calculate h(g).
5
Suppose -2*b = 5*k - 10, -15*k - 6 = 4*b - 18*k. Let a(o) = -o**2 - o - 14. Calculate a(b).
-14
Let l(w) be the second derivative of -w**3/6 - 3*w**2/2 + 3*w - 3. Calculate l(-4).
1
Let o(s) = -s**3 + 8*s**2 - 5*s - 11. Let g be (-1)/3 + 440/60. Let r be o(g). Let i(y) = y**3 - 3*y**2 - 3*y + 2. Determine i(r).
-7
Let z(o) be the third derivative of o**8/6720 + o**7/504 - o**6/720 - o**4/8 + 2*o**2. Let f(l) be the second derivative of z(l). What is f(-5)?
5
Let h(k) = -k**2 - k - 1. Suppose 5*i + 62 - 7 = 0. Let c = i + 15. Suppose -4*s - c = 8. Give h(s).
-7
Let f(o) be the second derivative of o**4/12 - 7*o**3/6 - 13*o**2/2 + o. Suppose 2*j + 29 = 47. Let t be f(j). Let y(d) = d - 4. Determine y(t).
1
Let m(b) be the third derivative of -b**6/120 - b**5/6 - b**4/12 - 5*b**3/6 - 567*b**2. Determine m(-10).
15
Suppose -3*z = 1 + 5. Let g(d) = d**3 - d**2 - 2*d - 2. Let h(x) = 7*x**3 - x**2 - 6*x - 8. Let u(c) = 5*g(c) - h(c). What is u(z)?
6
Let w(l) be the second derivative of -l**4/12 - 13*l**3/6 - 9*l**2/2 + 871*l. Calculate w(-10).
21
Let c(m) = -49*m - 347. Let o be c(-7). Let q(y) = -y**2 - 3*y + 10. What is q(o)?
6
Suppose 0 = -14*q + 16 + 54. Let b(u) = 2*u + 3. Calculate b(q).
13
Let m be 0 + 3/3 - 0. Suppose -2*u + 5 - 1 = 0. Let n(g) = 10*g**3 - 14*g**3 - u*g**3. Determine n(m).
-6
Let h(i) = 13*i**2 - 106*i - 6. Let m(a) = 26*a**2 - 230*a - 13. Let w(f) = 13*h(f) - 6*m(f). Determine w(-1).
11
Let c(x) = -x**3 + 5*x**2 - 6*x + 6. Let u = -21 + 23. Suppose -u*t - 3*k + 0 = -8, 8 = 2*t + 5*k. Give c(t).
-2
Suppose -3*d = -0*d + 9. Let u = 13 + d. Let h(t) = -6 + t - u + 17. Calculate h(-7).
-6
Let v(i) = -i**3 + 8*i**2 + 4*i + 6. Let m be v(9). Let f = -44 - m. Let z(k) = -2*k - 3. What is z(f)?
7
Let f = 27 + -17. Let x = f + -8. Let c(w) = -x - 6 - 3*w + w. Give c(-6).
4
Let i(v) = -v**3 + 47*v**2 - 170*v - 87. Let z be i(43). Let r(n) = 46*n**2 - 1. Calculate r(z).
45
Suppose 0 = -4*w - 41*w + 135. Let x(q) = -q**3 + 2*q**2 + q + 2. Calculate x(w).
-4
Let o(x) = x**2 + 3*x - 3. Let n = 4 - 6. Let z(i) = -5*i**2 - 16*i + 16. Let q(d) = n*z(d) - 11*o(d). Suppose 0 = 8*b + 14 + 2. Give q(b).
-1
Suppose 2*z + 7 - 9 = 0. Let v be z/(-6) - (-65)/30. Let w(t) = 7*t - 2. Give w(v).
12
Let z(r) = 6*r - 34. Let c be z(5). Let y(v) = 9*v + 2. Give y(c).
-34
Let m = 461 + -460. Let w(t) = -11*t + 1. Give w(m).
-10
Let n(i) = i. Let d(p) = -2*p - 20. Let h = -35 + 28. Let v be d(h). Determine n(v).
-6
Let i(j) be the first derivative of j**4/4 - 7*j**3/3 - 7*j**2/2 + j - 51. Calculate i(8).
9
Let o(l) = 8*l**2 - 13*l + 2. Let c(q) = q**3 + 6*q**2 - 15*q + 2. Let w be c(-8). Let z(k) = -7*k**2 + 12*k - 1. Let b(s) = w*o(s) - 7*z(s). Calculate b(6).
-5
Let y(m) = -m**3 - m**2. Let x(z) = -5*z**3 - 13*z**2 - 10*z + 8. Let b(t) = x(t) - 6*y(t). Let v = -48 + 56. Calculate b(v).
-8
Suppose 0 = 52*d - 58*d + 42. Let u(f) = 2*f**2 - 10*f + 4. What is u(d)?
32
Let q(y) = y**2 + 8*y + 10. Let v = -205 + 198. Determine q(v).
3
Let x(a) = -12*a + 14*a - 4 - 4*a. What is x(4)?
-12
Let z be (1/2)/(4/(-8)). Let l = 7 - 2. Let c(v) = -4*v**2 + 2*v**3 + v + l*v**3 + 5*v**2 + 2*v**3. What is c(z)?
-9
Let q(z) = z**3 - 6*z**2 - 12*z + 38. Let y be q(2). Let l(s) = -4*s**2 - 10*s - 10. Give l(y).
-6
Suppose -5*j - 5 = 0, 4*b = 6*j - 4*j + 38. Let y(k) = -2*k - b + k + 2 + 3. Determine y(-4).
0
Let j be 5/((-5)/3) - 2. Let h(x) = 2*x + 10. Let z(l) = -l - 1. Let f(g) = -h(g) - 4*z(g). Calculate f(j).
-16
Let q(d) be the first derivative of d**4/4 + 19*d**3/3 + 9*d**2 - 142. Give q(-18).
0
Let u(l) = -l + 10. Let k be u(3). Let p(y) = k - 2*y - 2 - 2. Let x be (-5)/(-2)*(-4)/(-5). Give p(x).
-1
Let z = 16 + -14. Let v(u) = -7 + 3*u + 5 + 2. Give v(z).
6
Let x(r) = -r**2 - 3*r + 8. Let m be x(-4). Let s(y) = m - 5*y - 2 - 2*y + 0*y. Determine s(2).
-12
Let f(a) be the third derivative of 0*a + 7/6*a**3 - 7/24*a**4 + 0 + a**2 - 1/360*a**6 - 1/24*a**5. Let s(c) be the first derivative of f(c). What is s(-5)?
-7
Let g = 62 + -64. Let l(n) = 6*n**2 - 3*n - 3. Calculate l(g).
27
Suppose 0 = -103*w + 88*w + 45. Let i(j) = 19*j - 6. Give i(w).
51
Let d be 6 + (-18 - -18) + 2*-1. Let k(c) = -5*c**2 + 8*c - 3. Let g(t) = -6*t**2 + 8*t - 3. Let z(m) = d*g(m) - 5*k(m). What is z(7)?
-4
Let m(y) = -y**2 - 10*y - 3. Suppose 10 + 4 = -2*t. Calculate m(t).
18
Let b(s) = -s - 11. Let z(v) = 2*v**2 + 13*v - 2*v + 11*v + 12. Let c be z(-10). Let u be b(c). Let h(i) = i**2 + 2*i. What is h(u)?
3
Suppose 9 = -2*c + 2*v + 27, 2*c - v = 14. Let k(j) = -j**3 + 5*j**2 - 5*j + 1. Calculate k(c).
-24
Let v be (-1 - 1) + (1 - -1). Let t(i) = -5 - 7 + 10 - i**2 - 10 